{"id":27,"date":"2022-08-26T12:23:50","date_gmt":"2022-08-26T10:23:50","guid":{"rendered":"https:\/\/micolini.at\/2022\/?page_id=27"},"modified":"2022-08-26T12:31:38","modified_gmt":"2022-08-26T10:31:38","slug":"about-us","status":"publish","type":"page","link":"https:\/\/micolini.at\/2022\/about-us\/","title":{"rendered":"\u00dcber uns"},"content":{"rendered":"<h2 class=\"wp-block-heading\">Wir sind DDDr. Micolini<\/h2>\n\n\n\n<p>Wir von DDDr. Micolini verf\u00fcgen \u00fcber ein international t\u00e4tiges Team qualifizierter \u00dcbersetzer und Dolmetscher. Fachwissen, Erfahrung und exzellente Ausbildung sind bei uns Voraussetzung. Deswegen k\u00f6nnen wir f\u00fcr absolute sprachliche H\u00f6chstleistungen garantieren.<br><strong>Und wir tun es gerne!<\/strong><\/p>\n\n\n\n<p>Allen Anforderungen gewachsen: Keine Verhandlung zu lang, keine Diskussion zu schnell. Wir sind spezialisiert auf Konsekutiv-, Simultan- und Verhandlungsdolmetschen.<br><strong>Wir sind kompetent!<\/strong><\/p>\n\n\n\n<p>Auf uns k\u00f6nnen Sie sich verlassen! Unsere \u00dcbersetzer setzen sich jederzeit \u00fcberall gerne f\u00fcr Sie ein! Bei uns stehen die Besten bereit: Spezialisten f\u00fcr jedes Fachgebiet und Native Speakers f\u00fcr fast alle Sprachen. Wir erf\u00fcllen alle Ihre W\u00fcnsche und wickeln \u00dcbersetzungs- und Dolmetschprozesse schnell und zielorientiert ab.<br><strong>Das bietet Ihnen DDDr. Micolini.<\/strong><\/p>","protected":false},"excerpt":{"rendered":"<p>Wir sind DDDr. Micolini Wir von DDDr. Micolini verf\u00fcgen \u00fcber ein international t\u00e4tiges Team qualifizierter \u00dcbersetzer und Dolmetscher. Fachwissen, Erfahrung und exzellente Ausbildung sind bei uns Voraussetzung. Deswegen k\u00f6nnen wir f\u00fcr absolute sprachliche H\u00f6chstleistungen garantieren.Und wir tun es gerne! Allen Anforderungen gewachsen: Keine Verhandlung zu lang, keine Diskussion zu schnell. Wir sind spezialisiert auf Konsekutiv-, &hellip; <a href=\"https:\/\/micolini.at\/2022\/about-us\/\" class=\"more-link\"><span class=\"screen-reader-text\">\u00dcber uns<\/span> weiterlesen <span class=\"meta-nav\">&rarr;<\/span><\/a><\/p>\n","protected":false},"author":1,"featured_media":0,"parent":0,"menu_order":0,"comment_status":"closed","ping_status":"closed","template":"","meta":{"inline_featured_image":false,"footnotes":""},"class_list":["post-27","page","type-page","status-publish","hentry"],"yoast_head":"<!-- This site is optimized with the Yoast SEO plugin v19.10 - https:\/\/yoast.com\/wordpress\/plugins\/seo\/ -->\n<title>\u00dcber uns - DDDR. Micolini<\/title>\n<meta name=\"robots\" content=\"index, follow, max-snippet:-1, max-image-preview:large, max-video-preview:-1\" \/>\n<link rel=\"canonical\" href=\"https:\/\/micolini.at\/2022\/about-us\/\" \/>\n<meta property=\"og:locale\" content=\"de_DE\" \/>\n<meta property=\"og:type\" content=\"article\" \/>\n<meta property=\"og:title\" content=\"\u00dcber uns - DDDR. Micolini\" \/>\n<meta property=\"og:description\" content=\"Wir sind DDDr. Micolini Wir von DDDr. Micolini verf\u00fcgen \u00fcber ein international t\u00e4tiges Team qualifizierter \u00dcbersetzer und Dolmetscher. Fachwissen, Erfahrung und exzellente Ausbildung sind bei uns Voraussetzung. Deswegen k\u00f6nnen wir f\u00fcr absolute sprachliche H\u00f6chstleistungen garantieren.Und wir tun es gerne! Allen Anforderungen gewachsen: Keine Verhandlung zu lang, keine Diskussion zu schnell. Wir sind spezialisiert auf Konsekutiv-, &hellip; \u00dcber uns weiterlesen &rarr;\" \/>\n<meta property=\"og:url\" content=\"https:\/\/micolini.at\/2022\/about-us\/\" \/>\n<meta property=\"og:site_name\" content=\"DDDR. Micolini\" \/>\n<meta property=\"article:modified_time\" content=\"2022-08-26T10:31:38+00:00\" \/>\n<meta name=\"twitter:card\" content=\"summary_large_image\" \/>\n<meta name=\"twitter:label1\" content=\"Gesch\u00e4tzte Lesezeit\" \/>\n\t<meta name=\"twitter:data1\" content=\"1\u00a0Minute\" \/>\n<script type=\"application\/ld+json\" class=\"yoast-schema-graph\">{\"@context\":\"https:\/\/schema.org\",\"@graph\":[{\"@type\":\"WebPage\",\"@id\":\"https:\/\/micolini.at\/2022\/about-us\/\",\"url\":\"https:\/\/micolini.at\/2022\/about-us\/\",\"name\":\"\u00dcber uns - DDDR. Micolini\",\"isPartOf\":{\"@id\":\"https:\/\/micolini.at\/2022\/#website\"},\"datePublished\":\"2022-08-26T10:23:50+00:00\",\"dateModified\":\"2022-08-26T10:31:38+00:00\",\"breadcrumb\":{\"@id\":\"https:\/\/micolini.at\/2022\/about-us\/#breadcrumb\"},\"inLanguage\":\"de\",\"potentialAction\":[{\"@type\":\"ReadAction\",\"target\":[[\"https:\/\/micolini.at\/2022\/about-us\/\"]]}]},{\"@type\":\"BreadcrumbList\",\"@id\":\"https:\/\/micolini.at\/2022\/about-us\/#breadcrumb\",\"itemListElement\":[{\"@type\":\"ListItem\",\"position\":1,\"name\":\"Startseite\",\"item\":\"https:\/\/micolini.at\/2022\/\"},{\"@type\":\"ListItem\",\"position\":2,\"name\":\"\u00dcber uns\"}]},{\"@type\":\"WebSite\",\"@id\":\"https:\/\/micolini.at\/2022\/#website\",\"url\":\"https:\/\/micolini.at\/2022\/\",\"name\":\"DDDR. Micolini\",\"description\":\"Wilkommen in der Welt der Sprachen\",\"potentialAction\":[{\"@type\":\"SearchAction\",\"target\":{\"@type\":\"EntryPoint\",\"urlTemplate\":\"https:\/\/micolini.at\/2022\/?s={search_term_string}\"},\"query-input\":\"required name=search_term_string\"}],\"inLanguage\":\"de\"}]}<\/script>\n<!-- \/ Yoast SEO plugin. -->","yoast_head_json":{"title":"\u00dcber uns - DDDR. Micolini","robots":{"index":"index","follow":"follow","max-snippet":"max-snippet:-1","max-image-preview":"max-image-preview:large","max-video-preview":"max-video-preview:-1"},"canonical":"https:\/\/micolini.at\/2022\/about-us\/","og_locale":"de_DE","og_type":"article","og_title":"\u00dcber uns - DDDR. Micolini","og_description":"Wir sind DDDr. Micolini Wir von DDDr. Micolini verf\u00fcgen \u00fcber ein international t\u00e4tiges Team qualifizierter \u00dcbersetzer und Dolmetscher. Fachwissen, Erfahrung und exzellente Ausbildung sind bei uns Voraussetzung. Deswegen k\u00f6nnen wir f\u00fcr absolute sprachliche H\u00f6chstleistungen garantieren.Und wir tun es gerne! Allen Anforderungen gewachsen: Keine Verhandlung zu lang, keine Diskussion zu schnell. Wir sind spezialisiert auf Konsekutiv-, &hellip; \u00dcber uns weiterlesen &rarr;","og_url":"https:\/\/micolini.at\/2022\/about-us\/","og_site_name":"DDDR. Micolini","article_modified_time":"2022-08-26T10:31:38+00:00","twitter_card":"summary_large_image","twitter_misc":{"Gesch\u00e4tzte Lesezeit":"1\u00a0Minute"},"schema":{"@context":"https:\/\/schema.org","@graph":[{"@type":"WebPage","@id":"https:\/\/micolini.at\/2022\/about-us\/","url":"https:\/\/micolini.at\/2022\/about-us\/","name":"\u00dcber uns - DDDR. Micolini","isPartOf":{"@id":"https:\/\/micolini.at\/2022\/#website"},"datePublished":"2022-08-26T10:23:50+00:00","dateModified":"2022-08-26T10:31:38+00:00","breadcrumb":{"@id":"https:\/\/micolini.at\/2022\/about-us\/#breadcrumb"},"inLanguage":"de","potentialAction":[{"@type":"ReadAction","target":[["https:\/\/micolini.at\/2022\/about-us\/"]]}]},{"@type":"BreadcrumbList","@id":"https:\/\/micolini.at\/2022\/about-us\/#breadcrumb","itemListElement":[{"@type":"ListItem","position":1,"name":"Startseite","item":"https:\/\/micolini.at\/2022\/"},{"@type":"ListItem","position":2,"name":"\u00dcber uns"}]},{"@type":"WebSite","@id":"https:\/\/micolini.at\/2022\/#website","url":"https:\/\/micolini.at\/2022\/","name":"DDDR. Micolini","description":"Wilkommen in der Welt der Sprachen","potentialAction":[{"@type":"SearchAction","target":{"@type":"EntryPoint","urlTemplate":"https:\/\/micolini.at\/2022\/?s={search_term_string}"},"query-input":"required name=search_term_string"}],"inLanguage":"de"}]}},"_links":{"self":[{"href":"https:\/\/micolini.at\/2022\/wp-json\/wp\/v2\/pages\/27","targetHints":{"allow":["GET"]}}],"collection":[{"href":"https:\/\/micolini.at\/2022\/wp-json\/wp\/v2\/pages"}],"about":[{"href":"https:\/\/micolini.at\/2022\/wp-json\/wp\/v2\/types\/page"}],"author":[{"embeddable":true,"href":"https:\/\/micolini.at\/2022\/wp-json\/wp\/v2\/users\/1"}],"replies":[{"embeddable":true,"href":"https:\/\/micolini.at\/2022\/wp-json\/wp\/v2\/comments?post=27"}],"version-history":[{"count":2,"href":"https:\/\/micolini.at\/2022\/wp-json\/wp\/v2\/pages\/27\/revisions"}],"predecessor-version":[{"id":30,"href":"https:\/\/micolini.at\/2022\/wp-json\/wp\/v2\/pages\/27\/revisions\/30"}],"wp:attachment":[{"href":"https:\/\/micolini.at\/2022\/wp-json\/wp\/v2\/media?parent=27"}],"curies":[{"name":"wp","href":"https:\/\/api.w.org\/{rel}","templated":true}]}}